base 12) to base 11.
-26
What is 1a (base 16) in base 3?
222
Convert 9 (base 12) to base 6.
13
Convert -7 (base 15) to base 4.
-13
What is 20 (base 4) in base 14?
8
What is -16 (base 13) in base 10?
-19
What is 20 (base 6) in base 15?
c
Convert 3 (base 13) to base 11.
3
-1000 (base 2) to base 4
-20
Convert -4 (base 13) to base 9.
-4
Convert -5 (base 14) to base 5.
-10
Convert -19 (base 10) to base 14.
-15
What is 4 (base 14) in base 5?
4
-10 (base 4) to base 13
-4
30 (base 4) to base 7
15
What is -55 (base 6) in base 5?
-120
10 (base 6) to base 4
12
Convert -1a (base 15) to base 6.
-41
Convert 1000 (base 2) to base 6.
12
Convert 101 (base 7) to base 15.
35
What is 4 (base 5) in base 14?
4
Convert 35 (base 13) to base 5.
134
-4 (base 16) to base 8
-4
Convert -200 (base 3) to base 8.
-22
Convert 345 (base 6) to base 16.
89
Convert 40 (base 6) to base 4.
120
What is -198 (base 11) in base 4?
-3210
Convert 15 (base 6) to base 11.
10
What is -30 (base 9) in base 7?
-36
What is 11 (base 8) in base 2?
1001
Convert 20 (base 3) to base 12.
6
1 (base 8) to base 6
1
Convert -8 (base 15) to base 7.
-11
Convert 3 (base 13) to base 3.
10
What is 201 (base 4) in base 8?
41
Convert 11 (base 13) to base 15.
e
Convert -200 (base 3) to base 12.
-16
Convert 111 (base 3) to base 12.
11
117 (base 12) to base 5
1123
12 (base 8) to base 14
a
What is 0 (base 5) in base 7?
0
What is 18 (base 12) in base 5?
40
Convert 21 (base 5) to base 12.
b
-11011 (base 3) to base 10
-112
What is -1 (base 16) in base 13?
-1
What is a0 (base 14) in base 10?
140
Convert 5a (base 13) to base 10.
75
212 (base 5) to base 16
39
0 (base 13) to base 10
0
Convert 1 (base 6) to base 10.
1
-62 (base 8) to base 7
-101
Convert 0 (base 5) to base 15.
0
1 (base 4) to base 3
1
What is -2a (base 12) in base 5?
-114
a (base 14) to base 10
10
11031 (base 4) to base 9
410
Convert 27 (base 10) to base 13.
21
-2 (base 4) to base 10
-2
What is 9 (base 12) in base 6?
13
Convert -15 (base 15) to base 13.
-17
What is -21 (base 3) in base 4?
-13
0 (base 10) to base 4
0
What is -211 (base 9) in base 4?
-2230
What is 3 (base 5) in base 6?
3
What is -13 (base 14) in base 3?
-122
-39 (base 10) to base 2
-100111
Convert -19 (base 15) to base 4.
-120
6 (base 10) to base 5
11
What is 0 (base 8) in base 5?
0
2 (base 14) to base 8
2
0 (base 11) to base 4
0
-8 (base 10) to base 11
-8
What is -26 (base 11) in base 8?
-34
Convert 11 (base 4) to base 14.
5
-100 (base 3) to base 2
-1001
Convert 2 (base 6) to base 16.
2
-2 (base 15) to base 10
-2
Convert 1 (base 13) to base 7.
1
What is 9 (base 15) in base 8?
11
Convert -32 (base 8) to base 11.
-24
What is -5 (base 7) in base 10?
-5
What is 29 (base 11) in base 3?
1011
Convert -3001 (base 4) to base 15.
-cd
Convert 7 (base 13) to base 16.
7
What is 8 (base 16) in base 15?
8
Convert -98 (base 12) to base 6.
-312
Convert 14 (base 16) to base 12.
18
4 (base 16) to base 8
4
-39 (base 13) to base 16
-30
What is 42 (base 15) in base 5?
222
-78 (base 13) to base 9
-120
-1 (base 2) to base 5
-1
Convert 1 (base 5) to base 9.
1
Convert -1 (base 16) to base 9.
-1
What is 5 (base 7) in base 11?
5
Convert 12 (base 5) to base 11.
7
What is 13 (base 7) in base 16?
a
b (base 15) to base 5
21
What is -416 (base 9) in base 6?
-1323
What is 12 (base 14) in base 9?
17
What is 5 (base 12) in base 5?
10
What is -43 (base 10) in base 3?
-1121
-1110 (base 2) to base 14
-10
What is -50 (base 10) in base 7?
-101
-26 (base 9) to base 14
-1a
Convert -2 (base 13) to base 10.
-2
Convert 1 (base 3) to base 14.
1
Convert 10 (base 4) to base 2.
100
What is a (base 12) in base 11?
a
Convert -323 (base 8) to base 3.
-21211
What is -11 (base 8) in base 11?
-9
0 (base 3) to base 11
0
-10001101 (base 2) to base 8
-215
11 (base 9) to base 5
20
Convert -4 (base 16) to base 5.
-4
-10 (base 5) to base 7
-5
-21 (base 8) to base 13
-14
Convert -132 (base 4) to base 6.
-50
Convert -205 (base 9) to base 14.
-bd
Convert -1100 (base 3) to base 10.
-36
What is 346 (base 8) in base 12?
172
What is 83 (base 11) in base 3?
10101
Convert 2 (base 8) to base 15.
2
12 (base 4) to base 8
6
-10 (base 7) to base 12
-7
45 (base 14) to base 13
49
What is 1c (base 13) in base 7?
34
12 (base 4) to base 6
10
What is 1 (base 11) in base 5?
1
11 (base 4) to base 12
5
What is 1 (base 12) in base 14?
1
What is -101100 (base 2) in base 14?
-32
Convert -23 (base 5) to base 9.
-14
b (base 12) to base 2
1011
-10100 (base 2) to base 3
-202
0 (base 11) to base 13
0
26 (base 13) to base 8
40
32 (base 6) to base 2
10100
What is -59 (base 16) in base 10?
-89
212 (base 7) to base 12
8b
Convert 68 (base 16) to base 15.
6e
What is 28 (base 12) in base 15?
22
3 (base 10) to base 9
3
Convert -4 (base 11) to base 14.
-4
Convert -2 (base 6) to base 11.
-2
What is 0 (base 4) in base 10?
0
-64 (base 9) to base 5
-213
Convert -32 (base 7) to base 9.
-25
What is -2 (base 3) in base 5?
-2
What is -178 (base 9) in base 8?
-230
Convert -13 (base 5) to base 11.
-8
What is 16 (base 8) in base 5?
24
What is 22 (base 7) in base 5?
31
1001 (base 4) to base 2
1000001
64 (base 10) to base 4
1000
What is -7 (base 15) in base 4?
-13
Convert -206 (base 7) to base 9.
-125
1 (base 2) to base 7
1
What is 4 (base 9) in base 16?
4
What is 45 (base 15) in base 12?
55
Convert a6 (base 14) to base 3.
12102
Convert 14 (base 9) to base 14.
d
63 (base 7) to base 6
113
-2 (base 4) to base 15
-2
What is -3 (base 9) in base 7?
-3
Convert 1101 (base 2) to base 6.
21
Convert -142 (base 5) to base 3.
-1202
-144 (base 8) to base 11
-91
0 (base 8) to base 13
0
What is -644 (base 7) in base 11?
-277
35 (base 6) to base 14
19
-55 (base 16) to base 14
-61
Convert 7 (base 13) to base 14.
7
What is -3 (base 16) in base 5?
-3
What is 100 (base 4) in base 13?
13
22 (base 16) to base 8
42
What is 411 (base 5) in base 12?
8a
Convert 8 (base 12) to base 7.
11
Convert 20 (base 9) to base 11.
17
What is -2122 (base 3) in base 15?
-4b
a (base 13) to base 5
20
-1 (base 14) to base 13
-1
-9c (base 15) to base 9
-173
1020 (base 4) to base 10
72
Convert 644 (base 7) to base 14.
194
Convert 1 (base 15) to base 14.
1
2 (base 3) to base 5
2
What is -8 (base 9) in base 2?
-1000
-101 (base 4) to base 16
-11
What is 111 (base 4) in base 14?
17
4 (base 9) to base 5
4
31 (base 15) to base 14
34
Convert 4 (base 16) to base 8.
4
What is -11 (base 12) in base 2?
-1101
Convert 1113 (base 4) to base 6.
223
Convert -8 (base 14) to base 5.
-13
What is -12 (base 3) in base 5?
-10
23 (base 6) to base 9
16
-1111011 (base 2) to base 8
-173
Convert 10 (base 10) to base 14.
a
-39 (base 10) to base 5
-124
What is -4 (base 6) in base 3?
-11
Convert -23 (base 8) to base 5.
-34
Convert 2 (base 15) to base 10.
2
121 (base 3) to base 10
16
Convert -51 (base 7) to base 13.
-2a
What is -2 (base 8) in base 11?
-2
2 (base 7) to base 8
2
What is -21 (base 5) in base 14?
-b
Convert -2210 (base 4) to base 13.
-c8
Convert -a2 (base 14) to base 15.
-97
17 (base 8) to base 7
21
What is 1322 (base 4) in base 10?
122
Convert -1 (base 5) to base 3.
-1
-2 (base 14) to base 3
-2
What is -122 (base 4) in base 3?
-222
-13 (base 11) to base 9
-15
14 (base 12) to base 14
12
9 (base 16) to base 4
21
31 (base 15) to base 6
114
What is -66 (base 7) in base 2?
-110000
What is -1010110 (base 2) in base 14?
-62
What is 0 (base 12) in base 2?
0
What is -14 (base 6) in base 14?
-a
Convert 11 (base 6) to base 13.
7
What is -20 (base 6) in base 13?
-c
What is -17 (base 14) in base 16?
-15
49 (base 11) to base 6
125
What is -a2 (base 14) in base 6?
-354
What is 0 (base 9) in base 10?
0
Convert 12 (base 5) to base 9.
7
Convert 1 (base 6) to base 4.
1
What is -171 (base 14) in base 5?
-2140
What is 19 (base 15) in base 3?
220
-25 (base 11) to base 12
-23
What is -2b (base 13) in base 4?
-211
What is 57 (base 10) in base 8?
71
-2 (base 12) to base 11
-2
What is -30 (base 4) in base 7?
-15
-3 (base 9) to base 14
-3
What is 110 (base 4) in base 9?
22
-1 (base 2) to base 7
-1
What is 2 (base 15) in base 3?
2
What is -12 (base 13) in base 4?
-33
Convert -2 (base 13) to base 3.
-2
What is 0 (base 13) in base 15?
0
Convert -13 (base 16) to base 15.
-14
Convert 10 (base 3) to base 7.
3
-1 (base 14) to base 7
-1
Convert 6 (base 14) to base 6.
10
What is 110 (base 2) in b